{"id":95,"date":"2017-01-19T15:26:03","date_gmt":"2017-01-19T15:26:03","guid":{"rendered":"http:\/\/svenkunze.com\/?page_id=95"},"modified":"2018-07-10T13:28:20","modified_gmt":"2018-07-10T13:28:20","slug":"startseite","status":"publish","type":"page","link":"https:\/\/svenkunze.com\/","title":{"rendered":"Wer stehen bleibt &#8211; Verliert!"},"content":{"rendered":"<p><span style=\"color: #000000;\">Mein Name ist Sven Kunze und es freut mich, Sie bei mir auf der Seite begr\u00fc\u00dfen zu d\u00fcrfen.<\/span><\/p>\n<p><span style=\"color: #000000;\">Hier erfahren Sie einiges \u00fcber meinen Lebenslauf sowie meine Interessen, Erfahrungen und Qualifikationen, die ich in meinem bisherigen Berufsleben sammeln durfte. Die Seite befindet sich aber aktuell noch im Aufbau. Also haben Sie an der einen oder anderen Ecke bitte Verst\u00e4ndnis.<br \/>\n<\/span><\/p>\n<p><span style=\"color: #000000;\"><strong><img loading=\"lazy\" decoding=\"async\" class=\"wp-image-100 aligncenter\" src=\"http:\/\/svenkunze.com\/wp-content\/uploads\/2017\/01\/Kunze170386aonline.jpg\" alt=\"\" width=\"467\" height=\"297\" srcset=\"https:\/\/svenkunze.com\/wp-content\/uploads\/2017\/01\/Kunze170386aonline.jpg 800w, https:\/\/svenkunze.com\/wp-content\/uploads\/2017\/01\/Kunze170386aonline-300x191.jpg 300w, https:\/\/svenkunze.com\/wp-content\/uploads\/2017\/01\/Kunze170386aonline-768x489.jpg 768w\" sizes=\"auto, (max-width: 467px) 100vw, 467px\" \/><\/strong><\/span><\/p>\n<p><span style=\"color: #000000;\">Sollten Sie Fragen oder ich Ihr Interesse geweckt haben, k\u00f6nnen Sie mich gerne jederzeit kontaktieren. N\u00e4here Infos dazu finden Sie unten \u00fcber den Link Kontakt oder Sie klicken <a href=\"http:\/\/svenkunze.com\/?page_id=54\">hier<\/a>.<br \/>\n<\/span><\/p>\n<p>&nbsp;<\/p>\n","protected":false},"excerpt":{"rendered":"<p>Mein Name ist Sven Kunze und es freut mich, Sie bei mir auf der Seite begr\u00fc\u00dfen zu d\u00fcrfen. Hier erfahren Sie einiges \u00fcber meinen Lebenslauf sowie meine Interessen, Erfahrungen und <span class=\"readmore\"><a href=\"https:\/\/svenkunze.com\/\">Weiterlesen\u00a0\u2026<\/a><\/span><\/p>\n","protected":false},"author":1,"featured_media":0,"parent":0,"menu_order":0,"comment_status":"closed","ping_status":"closed","template":"","meta":{"_acf_changed":false,"footnotes":""},"class_list":["post-95","page","type-page","status-publish","hentry"],"acf":[],"_links":{"self":[{"href":"https:\/\/svenkunze.com\/index.php?rest_route=\/wp\/v2\/pages\/95","targetHints":{"allow":["GET"]}}],"collection":[{"href":"https:\/\/svenkunze.com\/index.php?rest_route=\/wp\/v2\/pages"}],"about":[{"href":"https:\/\/svenkunze.com\/index.php?rest_route=\/wp\/v2\/types\/page"}],"author":[{"embeddable":true,"href":"https:\/\/svenkunze.com\/index.php?rest_route=\/wp\/v2\/users\/1"}],"replies":[{"embeddable":true,"href":"https:\/\/svenkunze.com\/index.php?rest_route=%2Fwp%2Fv2%2Fcomments&post=95"}],"version-history":[{"count":20,"href":"https:\/\/svenkunze.com\/index.php?rest_route=\/wp\/v2\/pages\/95\/revisions"}],"predecessor-version":[{"id":247,"href":"https:\/\/svenkunze.com\/index.php?rest_route=\/wp\/v2\/pages\/95\/revisions\/247"}],"wp:attachment":[{"href":"https:\/\/svenkunze.com\/index.php?rest_route=%2Fwp%2Fv2%2Fmedia&parent=95"}],"curies":[{"name":"wp","href":"https:\/\/api.w.org\/{rel}","templated":true}]}}